f 17922?
9
What is the tens digit of 4573?
7
What is the thousands digit of 1391?
1
What is the tens digit of 545?
4
What is the tens digit of 88?
8
What is the tens digit of 6679?
7
What is the thousands digit of 4822?
4
What is the hundreds digit of 626?
6
What is the ten thousands digit of 13701?
1
What is the hundred thousands digit of 157425?
1
What is the hundreds digit of 4899?
8
What is the hundreds digit of 831?
8
What is the tens digit of 1712?
1
What is the tens digit of 1564?
6
What is the tens digit of 1025?
2
What is the thousands digit of 3315?
3
What is the hundreds digit of 73480?
4
What is the hundreds digit of 1828?
8
What is the thousands digit of 11201?
1
What is the thousands digit of 38373?
8
What is the thousands digit of 3748?
3
What is the ten thousands digit of 17185?
1
What is the ten thousands digit of 87874?
8
What is the tens digit of 157?
5
What is the units digit of 6426?
6
What is the units digit of 303?
3
What is the tens digit of 43101?
0
What is the units digit of 6913?
3
What is the thousands digit of 1130?
1
What is the tens digit of 642?
4
What is the thousands digit of 1212?
1
What is the units digit of 48266?
6
What is the thousands digit of 1097?
1
What is the thousands digit of 3674?
3
What is the tens digit of 36940?
4
What is the tens digit of 38526?
2
What is the hundreds digit of 3358?
3
What is the hundreds digit of 28864?
8
What is the tens digit of 155?
5
What is the tens digit of 690?
9
What is the hundreds digit of 931?
9
What is the hundreds digit of 7197?
1
What is the thousands digit of 1656?
1
What is the hundreds digit of 835?
8
What is the units digit of 330?
0
What is the units digit of 137234?
4
What is the tens digit of 16425?
2
What is the hundreds digit of 75220?
2
What is the units digit of 2253?
3
What is the tens digit of 966?
6
What is the tens digit of 316?
1
What is the tens digit of 118133?
3
What is the units digit of 41944?
4
What is the hundreds digit of 401?
4
What is the ten thousands digit of 17435?
1
What is the hundreds digit of 3083?
0
What is the units digit of 2687?
7
What is the tens digit of 93007?
0
What is the units digit of 987?
7
What is the units digit of 1205?
5
What is the units digit of 1464?
4
What is the units digit of 2511?
1
What is the tens digit of 168419?
1
What is the thousands digit of 1484?
1
What is the ten thousands digit of 12060?
1
What is the units digit of 23490?
0
What is the units digit of 536?
6
What is the units digit of 3664?
4
What is the hundreds digit of 7448?
4
What is the tens digit of 1767?
6
What is the hundreds digit of 907?
9
What is the ten thousands digit of 67583?
6
What is the ten thousands digit of 109130?
0
What is the ten thousands digit of 52520?
5
What is the tens digit of 4902?
0
What is the units digit of 20626?
6
What is the hundreds digit of 2875?
8
What is the thousands digit of 4734?
4
What is the tens digit of 55236?
3
What is the thousands digit of 7022?
7
What is the thousands digit of 2560?
2
What is the units digit of 955?
5
What is the tens digit of 8795?
9
What is the tens digit of 3922?
2
What is the tens digit of 1895?
9
What is the thousands digit of 40007?
0
What is the tens digit of 2066?
6
What is the ten thousands digit of 32716?
3
What is the tens digit of 338?
3
What is the units digit of 16264?
4
What is the units digit of 6460?
0
What is the units digit of 44837?
7
What is the ten thousands digit of 21033?
2
What is the units digit of 4659?
9
What is the hundreds digit of 62030?
0
What is the tens digit of 1502?
0
What is the units digit of 1192?
2
What is the thousands digit of 1372?
1
What is the hundreds digit of 10620?
6
What is the tens digit of 81?
8
What is the tens digit of 42461?
6
What is the hundreds digit of 29078?
0
What is the hundreds digit of 375?
3
What is the thousands digit of 3301?
3
What is the hundreds digit of 1232?
2
What is the units digit of 1601?
1
What is the thousands digit of 2034?
2
What is the hundreds digit of 15762?
7
What is the hundreds digit of 8309?
3
What is the hundreds digit of 1309?
3
What is the ten thousands digit of 42546?
4
What is the thousands digit of 2300?
2
What is the tens digit of 1558?
5
What is the ten thousands digit of 10807?
1
What is the tens digit of 30338?
3
What is the tens digit of 31279?
7
What is the hundreds digit of 50666?
6
What is the tens digit of 1007?
0
What is the units digit of 945?
5
What is the units digit of 3453?
3
What is the units digit of 5140?
0
What is the units digit of 48260?
0
What is the hundreds digit of 2473?
4
What is the hundreds digit of 2265?
2
What is the units digit of 213?
3
What is the tens digit of 4047?
4
What is the ten thousands digit of 93522?
9
What is the thousands digit of 4230?
4
What is the thousands digit of 13727?
3
What is the hundreds digit of 7068?
0
What is the ten thousands digit of 13605?
1
What is the hundreds digit of 48950?
9
What is the thousands digit of 1222?
1
What is the tens digit of 72292?
9
What is the units digit of 1663?
3
What is the hundreds digit of 313?
3
What is the hundreds digit of 4702?
7
What is the tens digit of 4679?
7
What is the thousands digit of 4306?
4
What is the hundreds digit of 206?
2
What is the tens digit of 2301?
0
What is the hundreds digit of 84449?
4
What is the hundreds digit of 68838?
8
What is the units digit of 891?
1
What is the units digit of 14700?
0
What is the units digit of 275?
5
What is the tens digit of 30356?
5
What is the thousands digit of 1689?
1
What is the hundreds digit of 1542?
5
What is the hundreds digit of 559?
5
What is the tens digit of 2269?
6
What is the ten thousands digit of 50807?
5
What is the tens digit of 28620?
2
What is the units digit of 32640?
0
What is the thousands digit of 15186?
5
What is the units digit of 1802?
2
What is the units digit of 8720?
0
What is the hundreds digit of 38709?
7
What is the thousands digit of 1659?
1
What is the tens digit of 55189?
8
What is the units digit of 393?
3
What is the hundred thousands digit of 143194?
1
What is the tens digit of 17318?
1
What is the tens digit of 22272?
7
What is the thousands digit of 5806?
5
What is the tens digit of 1793?
9
What is the hundreds digit of 28378?
3
What is the tens digit of 35?
3
What is the hundreds digit of 12642?
6
What is the hundreds digit of 1438?
4
What is the hundreds digit of 1499?
4
What is the ten thousands digit of 43411?
4
What is the hundreds digit of 62078?
0
What is the units digit of 5283?
3
What is the hundreds digit of 122?
1
What is the tens digit of 3773?
7
What is the units digit of 52?
2
What is the thousands digit of 14837?
4
What is the thousands digit of 1303?
1
What is the ten thousands digit of 96200?
9
What is the thousands digit of 3537?
3
What is the units digit of 94?
4
What is the units digit of 8397?
7
What is the tens digit of 167?
6
What is the hundreds digit of 612?
6
What is the hundreds digit of 586?
5
What is the units digit of 1112?
2
What is the units digit of 677?
7
What is the ten thousands digit of 10887?
1
What is the hundreds digit of 627?
6
What is the thousands digit of 36874?
6
What is the units digit of 6820?
0
What is the ten thousands digit of 69834?
6
What is the thousands digit of 93908?
3
What is the units digit of 506?
6
What is the units digit of 7575?
5
What is the units digit of 52851?
1
What is the tens digit of 47373?
7
What is the units digit of 41770?
0
What is the tens digit of 8248?
4
What is the tens digit of 418?
1
What is the hundreds digit of 481?
4
What is the units digit of 920?
0
What is the units digit of 20740?
0
What is the units digit of 214?
4
What is the units digit of 4786?
6
What is the units digit of 1317?
7
What is the ten thousands digit of 94156?
9
What is the units digit of 1872?
2
What is the hundreds digit of 2490?
4
What is the units digit of 32197?
7
What is the tens digit of 59830?
3
What is the thousands digit of 2251?
2
What is the hundred thousands digit of 115176?
1
What is the hundreds digit of 3563?
5
What is the units digit of 28308?
8
What is the units digit of 636?
6
What is the tens digit of 7135?
3
What is the units digit of 3351?
1
What is the tens digit of 55200?
0
What is the tens digit of 5601?
0
What is the units digi